t is 7 - -135?
141
In base 10, what is -49 - 18?
-67
In base 3, what is -1220 - 10?
-2000
In base 8, what is -360 + -2?
-362
In base 14, what is -38 - 2?
-3a
In base 10, what is 16 - 286?
-270
In base 13, what is -1184 - 0?
-1184
In base 9, what is 2 - -523?
525
In base 9, what is -1 + 51?
50
In base 16, what is -389 - -4?
-385
In base 2, what is 110001 + -10000?
100001
In base 7, what is 104 + -1?
103
In base 12, what is -5 - -24b4?
24ab
In base 13, what is 4 - -56?
5a
In base 9, what is -1 + 2586?
2585
In base 16, what is -c5 + -9?
-ce
In base 8, what is 16140 + -1?
16137
In base 6, what is 5 + -5514?
-5505
In base 13, what is -a0 + 17?
-86
In base 3, what is -102 - -100?
-2
In base 8, what is 1103 + 10?
1113
In base 11, what is 3101 - -2?
3103
In base 12, what is 159 + 4?
161
In base 8, what is -2 - 4025?
-4027
In base 2, what is 1 + -100111001?
-100111000
In base 10, what is -1 - 1625?
-1626
In base 14, what is -452a - 5?
-4531
In base 15, what is -28 + 1?
-27
In base 13, what is 1 + -1?
0
In base 5, what is -12 + 20?
3
In base 7, what is 423 + -4?
416
In base 9, what is 4885 - 3?
4882
In base 14, what is 11 + a?
1b
In base 4, what is 10 + 3222?
3232
In base 15, what is ad - -19?
c7
In base 2, what is -10001010011 + 10?
-10001010001
In base 11, what is -1 + -156?
-157
In base 5, what is -33134 - -3?
-33131
In base 6, what is 2 - 221?
-215
In base 8, what is 164 - -4?
170
In base 10, what is 1132 - 4?
1128
In base 2, what is 1101001000 - 1101?
1100111011
In base 15, what is -3ca + 3?
-3c7
In base 8, what is -11 + 14?
3
In base 15, what is 667 - -3?
66a
In base 16, what is 2 - -10?
12
In base 12, what is 2 + 646?
648
In base 13, what is -2766 + -4?
-276a
In base 16, what is 4 - -54a?
54e
In base 2, what is -1101100 - 11?
-1101111
In base 13, what is 102 - -a?
10c
In base 15, what is 4 - -25?
29
In base 16, what is 4 - -c4d?
c51
In base 15, what is -7 - 3?
-a
In base 15, what is -2a + 64?
39
In base 12, what is 5 - -13?
18
In base 15, what is 2 + -b?
-9
In base 9, what is 7538 - 0?
7538
In base 11, what is -3 + 444?
441
In base 13, what is -8 - -1252?
1247
In base 6, what is -11 + 1354?
1343
In base 7, what is -352 - -3?
-346
In base 5, what is -222 - 0?
-222
In base 4, what is -322 + 11?
-311
In base 16, what is 1 + da?
db
In base 7, what is -406 + -4?
-413
In base 4, what is 11012 + 132?
11210
In base 11, what is -119 - -47?
-82
In base 11, what is -14 - -8?
-7
In base 12, what is 5 + 392?
397
In base 13, what is 1 - c2?
-c1
In base 10, what is -1198 - 2?
-1200
In base 7, what is 6 - -1455?
1464
In base 14, what is -449 + 3?
-446
In base 5, what is -242 + 20?
-222
In base 6, what is -5 + 101?
52
In base 13, what is 5 + 836?
83b
In base 7, what is -403 - 3?
-406
In base 14, what is -1c + -6a?
-88
In base 2, what is 100 + 10111010?
10111110
In base 5, what is -304 - 33?
-342
In base 12, what is 1 - -101?
102
In base 12, what is -2 + -b74?
-b76
In base 14, what is -29 - 6?
-31
In base 3, what is 2 + 21?
100
In base 10, what is -6661 - 3?
-6664
In base 4, what is 10 + 332?
1002
In base 4, what is -10230 - 12?
-10302
In base 2, what is 10101000010 + 11?
10101000101
In base 3, what is 1210022 - 11?
1210011
In base 2, what is -1 - -1010101110?
1010101101
In base 11, what is -8 + 281?
274
In base 11, what is -5 - -18?
13
In base 10, what is 39 - 177?
-138
In base 15, what is 3 - 104?
-101
In base 8, what is -17 - 1?
-20
In base 4, what is 2113213 + -2?
2113211
In base 14, what is -42 - -16?
-2a
In base 6, what is 12 - -1251?
1303
In base 3, what is -11121 + 11?
-11110
In base 12, what is 1 + -8a0?
-89b
In base 3, what is 11 - -101012?
101100
In base 4, what is -10013 - 1?
-10020
In base 9, what is -28 + -18?
-47
In base 12, what is -3 + 38?
35
In base 5, what is -220 + 0?
-220
In base 14, what is -26a4 - 3?
-26a7
In base 16, what is -19 + 24?
b
In base 10, what is 33 + 283?
316
In base 8, what is -6 - -1011?
1003
In base 11, what is -100 + -3?
-103
In base 4, what is 111 - -10?
121
In base 15, what is 2 - 522?
-520
In base 15, what is 9d + 5?
a3
In base 13, what is 1 + -3c0?
-3bc
In base 4, what is -11 - 123?
-200
In base 15, what is 6 + 3?
9
In base 14, what is -3 - 22?
-25
In base 2, what is 110000010 - 1000?
101111010
In base 16, what is -5ae1 + 5?
-5adc
In base 14, what is 81c + 4?
822
In base 7, what is 14441 - -2?
14443
In base 3, what is 12 - -212112?
212201
In base 14, what is -6 - 8?
-10
In base 11, what is 1 + -140?
-13a
In base 8, what is 2342 + 3?
2345
In base 3, what is -202020 + 0?
-202020
In base 15, what is 6b8 + 1?
6b9
In base 6, what is -4 + -24?
-32
In base 11, what is 273 + -5?
269
In base 5, what is -4 + -142323?
-142332
In base 3, what is -201002 + 110?
-200122
In base 9, what is -5 - 47?
-53
In base 9, what is -127 + 2?
-125
In base 11, what is 6 - -7?
12
In base 9, what is -6 - -22?
15
In base 8, what is 2 + 2024?
2026
In base 9, what is 12 + -7?
4
In base 8, what is -7013 - 1?
-7014
In base 10, what is 1638 + -2?
1636
In base 3, what is -2 - 1001?
-1010
In base 6, what is -21 + -5?
-30
In base 13, what is 1 - -9b?
9c
In base 16, what is a9 + 1c?
c5
In base 7, what is -2362 - 5?
-2400
In base 13, what is b57 - -8?
b62
In base 4, what is -2313 + -10?
-2323
In base 8, what is 26 - 0?
26
In base 9, what is 1 + 180?
181
In base 9, what is 2 + 2056?
2058
In base 16, what is -13f - 5?
-144
In base 3, what is 12122201 - 2?
12122122
In base 9, what is 1 - 461?
-460
In base 5, what is -4 - -244?
240
In base 14, what is 0 + -758?
-758
In base 16, what is be + 2b?
e9
In base 12, what is -2a - 0?
-2a
In base 6, what is 1531 - 3?
1524
In base 4, what is 20 + 212?
232
In base 10, what is 4 - -202?
206
In base 13, what is -2 - -5b?
59
In base 8, what is 3 + 30?
33
In base 10, what is -4 - -8173?
8169
In base 5, what is 1232 - 0?
1232
In base 5, what is 2323 - -2?
2330
In base 9, what is -250 - 10?
-260
In base 9, what is 5 + 166?
172
In base 13, what is -a0c - -1?
-a0b
In base 6, what is -22 - 11533?
-11555
In base 13, what is -117 - -12?
-105
In base 11, what is 94 + -21?
73
In base 2, what is 1000110001 - 0?
1000110001
In base 10, what is 7 + -3?
4
In base 4, what is 11 - -2233?
2310
In base 12, what is 3 + -1a?
-17
In base 6, what is 513 + 15?
532
In base 10, what is 2 - 4?
-2
In base 13, what is 3 + 3a6?
3a9
In base 7, what is -211 + -4?
-215
In base 14, what is -35 - -48?
13
In base 13, what is -13 - -11b?
108
In base 16, what is 4ed + 2?
4ef
In base 15, what is 94 + 8?
9c
In base 3, what is 11002212 + -11?
11002201
In base 3, what is -12120010 + -10?
-12120020
In base 14, what is -3561 + -1?
-3562
In base 5, what is 1 - 14114?
-14113
In base 14, what is -9b + -4?
-a1
In base 6, what is -40 + -3?
-43
In base 5, what is -3 + 113?
110
In base 4, what is -31 - -12?
-13
In base 2, what is -11101100 + -1?
-11101101
In base 3, what is 10 + -2200?
-2120
In base 12, what is -5a + -11?
-6b
In base 2, what is 10111101 - -10?
10111111
In base 10, what is -1 - -57?
56
In base 8, what is -150 - -5?
-143
In base 14, what is -6 - -682?
67a
In base 6, what is -2 + 1213?
1211
In base 3, what is 221 - 1?
220
In base 10, what is -331 + -2?
-333
In base 8, what is 4 + 7?
13
In base 10, what is 5 - 112?
-107
In base 5, what is 24133 + -1?
24132
In base 11, what is -5 + 419?
414
In base 14, what is -1 + 21?
20
In base 3, what is 1 - -1011121?
1011122
In base 6, what is 11 + -13400?
-13345
In base 16, what is -2 - -6a?
68
In base 2, what is 0 - 100011001011?
-100011001011
In base 8, what is -42 + 1?
-41
In base 16, what is 171 - -3?
174
In base 8, what is -3 + 1360?
1355
In base 12, what is 5 - -371?
376
In base 6, what is -151 + -2?
-153
In base 14, what is 344 + 5?
349
In base 8, what is 23 - -11?
34
In base 16, what is 4 - 63?
-5f
In base 3, what is -21 + 1220?
1122
In base 12, what is -9 + 66a?
661
In base 2, what is 111 - 100010101011?
-100010100100
In base 7, what is -1 - -2563?
2562
In base 14, what is 27 + 4?
2b
In base 14, what is -65a + -5?
-661
In base 14, what is 27b0 - 3?
27ab
In base 4, what is 312 - -133?
1111
In base 10, what is 12 + 1024?
1036
In base 11, what is -6 - 3?
-9
In base 11, what is -a15 + 1?
-a14
In base 6, what is 2 - 105?
-103
In base 10, what is 5 - 170?
-165
In base 5, what is 12422 + 0?
12422
In base 16, what is -d + 1